{"id":26,"date":"2023-03-18T13:09:11","date_gmt":"2023-03-18T13:09:11","guid":{"rendered":"https:\/\/zugerjagd.ch\/new\/?page_id=26"},"modified":"2024-07-17T09:05:18","modified_gmt":"2024-07-17T09:05:18","slug":"schweisspruefung","status":"publish","type":"page","link":"https:\/\/zugerjagd.ch\/new\/schweisspruefung\/","title":{"rendered":"Schweisspr\u00fcfung"},"content":{"rendered":"<div class=\"wpb-content-wrapper\"><p>[vc_row][vc_column][vc_column_text css=&#8220;&#8220;]<strong>6. Zuger Schweisspr\u00fcfung mit F\u00e4hrtenschuh des ZKPJV<\/strong><\/p>\n<p>Am 23. Juni 2024 f\u00fchrte der Zuger Kantonale Patentj\u00e4ger Verein ZKPJV unter der Leitung von Friedel Wyttenbach und seinem bew\u00e4hrten Team, die 6. Zuger Schweisspr\u00fcfung mit F\u00e4hrtenschuh nach TKJ-Reglement rund um das<br \/>\nGebiet Raten \u2013 Gottschalkenberg, Ober\u00e4geri durch. In Zusammenarbeit mit Jagdvertreter aus dem Kanton Schwyz wurde die M\u00f6glichkeit geboten, die Pr\u00fcfung auch nach neuem TKJ-Reglement zu laufen.<\/p>\n<p>Die F\u00e4hrten wurden am Vortag mit Ber\u00fccksichtigung der geforderten Stehzeiten angelegt. Dank den ortskundigen Gebietsf\u00fchrern konnten die Pr\u00fcfungsrichter bestens f\u00fcr die Pr\u00fcfung geeignete Reviere vorfinden. Leider meinte es Petrus mit den F\u00e4hrtenlegern nicht allzu gn\u00e4dig und begleite diese mit starken Regen.<\/p>\n<p>Am Pr\u00fcfungstag zeige sich das Wetter von der idealen Seite \u2013 leichter Nieselregen am fr\u00fchen Morgen und sonnige Aufhellungen gegen Mittag. Die Begr\u00fcssung und F\u00e4hrtenauslosung fanden auf dem Raten statt. 18 Gespanne aus unterschiedlichen Kantonen, davon 6 Gespanne auf 1000m, 2 Gespanne auf 500m mit Vorsuche und 10 Gespanne auf 500m, traten zur Pr\u00fcfung an.<\/p>\n<p>Nach getaner F\u00e4hrtenarbeit traf man sich beim Clubhaus des ZKPJV in der Chuewart in Unter\u00e4geri. An den Gesichtern und den Br\u00fcchen auf dem Hut konnte man schnell sehen, wer die Pr\u00fcfung erfolgreich bestanden hat<br \/>\nund wer nicht.<\/p>\n<p>Die Richterarbeit war rasch erledigt und man konnte zum gem\u00fctlichen Teil \u00fcbergehen. Dank dem K\u00fcchenteam um Simon Merz, Beat Kaufmann, Lara und Barbara Frenademez wurden die leeren M\u00e4gen mit K\u00f6stlichkeiten gef\u00fcllt.<\/p>\n<p>Zum Abschluss des gelungenen Anlasses bedanke sich Friedel Wyttenbach bei allen Revierf\u00fchrern, Richtern, Helfern und \u00fcberreichte den erfolgreichen Hundef\u00fchrern ihre wohlverdiente Urkunde.<\/p>\n<p>Dank grossz\u00fcgigen Sponsoren durfte jeder anwesende Hundef\u00fchrer noch ein kleines Pr\u00e4sent mit nach Hause nehmen.<\/p>\n<p>Folgende Gespanne haben die Pr\u00fcfung bestanden:<\/p>\n<table style=\"height: 501px;\" width=\"565\">\n<tbody>\n<tr>\n<td colspan=\"3\"><strong>TKJ 1000m<\/strong><\/td>\n<\/tr>\n<tr>\n<td width=\"220\"><img loading=\"lazy\" decoding=\"async\" class=\"alignnone\" src=\"https:\/\/zugerjagd.ch\/new\/wp-content\/uploads\/2023\/03\/pfote-1.png\" width=\"25\" height=\"18\" \/> H\u00e4usler Hubert, ZG<\/td>\n<td width=\"200\">Una Landstreicher\u2019s<\/td>\n<td width=\"200\">Deutscher Wachtelhund<\/td>\n<\/tr>\n<tr>\n<td><img loading=\"lazy\" decoding=\"async\" class=\"alignnone\" src=\"https:\/\/zugerjagd.ch\/new\/wp-content\/uploads\/2023\/03\/pfote-1.png\" width=\"25\" height=\"18\" \/> Wyttenbach Adrian, ZG<\/td>\n<td>Nacho von der D\u00e4hlenegg<\/td>\n<td>Deutscher Wachtelhund<\/td>\n<\/tr>\n<tr>\n<td><img loading=\"lazy\" decoding=\"async\" class=\"alignnone\" src=\"https:\/\/zugerjagd.ch\/new\/wp-content\/uploads\/2023\/03\/pfote-1.png\" width=\"25\" height=\"18\" \/> Dittli Gerhard, ZG<\/td>\n<td>Lima<\/td>\n<td>Bayrischer Gebirgsschweisshund<\/td>\n<\/tr>\n<tr>\n<td><img loading=\"lazy\" decoding=\"async\" class=\"alignnone\" src=\"https:\/\/zugerjagd.ch\/new\/wp-content\/uploads\/2023\/03\/pfote-1.png\" width=\"25\" height=\"18\" \/> Iten Fabian, ZG<\/td>\n<td>Coralie (Aika) Piz Morisch\u00f6l<\/td>\n<td>Kleiner M\u00fcnsterl\u00e4nder<\/td>\n<\/tr>\n<tr>\n<td><\/td>\n<td><\/td>\n<td><\/td>\n<\/tr>\n<tr>\n<td colspan=\"3\"><strong>TKJ 500m mit Vorsuche<\/strong><\/td>\n<\/tr>\n<tr>\n<td><img loading=\"lazy\" decoding=\"async\" class=\"alignnone\" src=\"https:\/\/zugerjagd.ch\/new\/wp-content\/uploads\/2023\/03\/pfote-1.png\" width=\"25\" height=\"18\" \/> M\u00fcller Karl, SZ<\/td>\n<td>Nanuk vom Nuthetal<\/td>\n<td>Bayrischer Gebirgsschweisshund<\/td>\n<\/tr>\n<tr>\n<td><img loading=\"lazy\" decoding=\"async\" class=\"alignnone\" src=\"https:\/\/zugerjagd.ch\/new\/wp-content\/uploads\/2023\/03\/pfote-1.png\" width=\"25\" height=\"18\" \/> Schaub Timo, SZ<\/td>\n<td>Branco von der Panneregg<\/td>\n<td>Bayrischer Gebirgsschweisshund<\/td>\n<\/tr>\n<tr>\n<td><\/td>\n<td><\/td>\n<td><\/td>\n<\/tr>\n<tr>\n<td colspan=\"3\"><strong>TKJ 500m<\/strong><\/td>\n<\/tr>\n<tr>\n<td><img loading=\"lazy\" decoding=\"async\" class=\"alignnone\" src=\"https:\/\/zugerjagd.ch\/new\/wp-content\/uploads\/2023\/03\/pfote-1.png\" width=\"25\" height=\"18\" \/> Von Rickenbach Thomas, SZ<\/td>\n<td>Viola vom Tannenh\u00fctterl<\/td>\n<td>Deutscher Wachtelhund<\/td>\n<\/tr>\n<tr>\n<td><img loading=\"lazy\" decoding=\"async\" class=\"alignnone\" src=\"https:\/\/zugerjagd.ch\/new\/wp-content\/uploads\/2023\/03\/pfote-1.png\" width=\"25\" height=\"18\" \/> Hinny Denise, ZH<\/td>\n<td>Mojo vom Bollerrain<\/td>\n<td>Magyar Vizsla<\/td>\n<\/tr>\n<tr>\n<td><img loading=\"lazy\" decoding=\"async\" class=\"alignnone\" src=\"https:\/\/zugerjagd.ch\/new\/wp-content\/uploads\/2023\/03\/pfote-1.png\" width=\"25\" height=\"18\" \/> Zeidler Stefan, AG<\/td>\n<td>Swiss Mountain Beagle<\/td>\n<td>Adventure Amy Beagle<\/td>\n<\/tr>\n<tr>\n<td><img loading=\"lazy\" decoding=\"async\" class=\"alignnone\" src=\"https:\/\/zugerjagd.ch\/new\/wp-content\/uploads\/2023\/03\/pfote-1.png\" width=\"25\" height=\"18\" \/> Merz Paul, ZG<\/td>\n<td>Eik von der Fliehburg<\/td>\n<td>Brandlbracke<\/td>\n<\/tr>\n<tr>\n<td><img loading=\"lazy\" decoding=\"async\" class=\"alignnone\" src=\"https:\/\/zugerjagd.ch\/new\/wp-content\/uploads\/2023\/03\/pfote-1.png\" width=\"25\" height=\"18\" \/> Wirth Christian, SG<\/td>\n<td>Iska von Nienburger Bruch<\/td>\n<td>Deutsch Stichelhaar<\/td>\n<\/tr>\n<\/tbody>\n<\/table>\n<p>&nbsp;<\/p>\n<p><img loading=\"lazy\" decoding=\"async\" class=\"alignnone size-full wp-image-1746\" src=\"https:\/\/zugerjagd.ch\/new\/wp-content\/uploads\/2024\/07\/2024-Berichte-Schweisspruefung-23.06.2024.pdf-2024-07-17-11-04-04.png\" alt=\"\" width=\"1585\" height=\"330\" srcset=\"https:\/\/zugerjagd.ch\/new\/wp-content\/uploads\/2024\/07\/2024-Berichte-Schweisspruefung-23.06.2024.pdf-2024-07-17-11-04-04.png 1585w, https:\/\/zugerjagd.ch\/new\/wp-content\/uploads\/2024\/07\/2024-Berichte-Schweisspruefung-23.06.2024.pdf-2024-07-17-11-04-04-300x62.png 300w, https:\/\/zugerjagd.ch\/new\/wp-content\/uploads\/2024\/07\/2024-Berichte-Schweisspruefung-23.06.2024.pdf-2024-07-17-11-04-04-1024x213.png 1024w, https:\/\/zugerjagd.ch\/new\/wp-content\/uploads\/2024\/07\/2024-Berichte-Schweisspruefung-23.06.2024.pdf-2024-07-17-11-04-04-768x160.png 768w, https:\/\/zugerjagd.ch\/new\/wp-content\/uploads\/2024\/07\/2024-Berichte-Schweisspruefung-23.06.2024.pdf-2024-07-17-11-04-04-1536x320.png 1536w, https:\/\/zugerjagd.ch\/new\/wp-content\/uploads\/2024\/07\/2024-Berichte-Schweisspruefung-23.06.2024.pdf-2024-07-17-11-04-04-600x125.png 600w\" sizes=\"auto, (max-width: 1585px) 100vw, 1585px\" \/><\/p>\n<p>Der Verein bedankt sich bei Friedel Wyttenbach f\u00fcr die hervorragende Organisation, aber auch bei allen Richtern, Revierf\u00fchrern, Gespannen und nat\u00fcrlich allen freiwilligen Helfern und Sponsoren. Ohne deren grosses Engagement w\u00e4re eine solche Pr\u00fcfung nicht durchzuf\u00fchren.<\/p>\n<p>Weidmannsdank<br \/>\nHarry Frenademez<br \/>\nHundeobmann des ZKPJV<\/p>\n<p><img loading=\"lazy\" decoding=\"async\" class=\"alignnone size-full wp-image-1743\" src=\"https:\/\/zugerjagd.ch\/new\/wp-content\/uploads\/2024\/07\/2024-Berichte-Schweisspruefung-23.06.2024.pdf-2024-07-17-11-02-22.png\" alt=\"\" width=\"1586\" height=\"275\" srcset=\"https:\/\/zugerjagd.ch\/new\/wp-content\/uploads\/2024\/07\/2024-Berichte-Schweisspruefung-23.06.2024.pdf-2024-07-17-11-02-22.png 1586w, https:\/\/zugerjagd.ch\/new\/wp-content\/uploads\/2024\/07\/2024-Berichte-Schweisspruefung-23.06.2024.pdf-2024-07-17-11-02-22-300x52.png 300w, https:\/\/zugerjagd.ch\/new\/wp-content\/uploads\/2024\/07\/2024-Berichte-Schweisspruefung-23.06.2024.pdf-2024-07-17-11-02-22-1024x178.png 1024w, https:\/\/zugerjagd.ch\/new\/wp-content\/uploads\/2024\/07\/2024-Berichte-Schweisspruefung-23.06.2024.pdf-2024-07-17-11-02-22-768x133.png 768w, https:\/\/zugerjagd.ch\/new\/wp-content\/uploads\/2024\/07\/2024-Berichte-Schweisspruefung-23.06.2024.pdf-2024-07-17-11-02-22-1536x266.png 1536w, https:\/\/zugerjagd.ch\/new\/wp-content\/uploads\/2024\/07\/2024-Berichte-Schweisspruefung-23.06.2024.pdf-2024-07-17-11-02-22-600x104.png 600w\" sizes=\"auto, (max-width: 1586px) 100vw, 1586px\" \/>[\/vc_column_text][\/vc_column][\/vc_row]<\/p>\n<\/div>","protected":false},"excerpt":{"rendered":"<p>[vc_row][vc_column][vc_column_text css=&#8220;&#8220;]6. Zuger Schweisspr\u00fcfung mit F\u00e4hrtenschuh des ZKPJV Am 23. Juni 2024 f\u00fchrte der Zuger Kantonale Patentj\u00e4ger Verein ZKPJV unter der Leitung von Friedel Wyttenbach und seinem bew\u00e4hrten Team, die 6. Zuger Schweisspr\u00fcfung mit F\u00e4hrtenschuh nach TKJ-Reglement rund um das Gebiet Raten \u2013 Gottschalkenberg, Ober\u00e4geri durch. In Zusammenarbeit mit Jagdvertreter aus dem Kanton Schwyz wurde [&hellip;]<\/p>\n","protected":false},"author":1,"featured_media":0,"parent":0,"menu_order":0,"comment_status":"closed","ping_status":"closed","template":"","meta":{"footnotes":""},"class_list":["post-26","page","type-page","status-publish","hentry"],"_links":{"self":[{"href":"https:\/\/zugerjagd.ch\/new\/wp-json\/wp\/v2\/pages\/26","targetHints":{"allow":["GET"]}}],"collection":[{"href":"https:\/\/zugerjagd.ch\/new\/wp-json\/wp\/v2\/pages"}],"about":[{"href":"https:\/\/zugerjagd.ch\/new\/wp-json\/wp\/v2\/types\/page"}],"author":[{"embeddable":true,"href":"https:\/\/zugerjagd.ch\/new\/wp-json\/wp\/v2\/users\/1"}],"replies":[{"embeddable":true,"href":"https:\/\/zugerjagd.ch\/new\/wp-json\/wp\/v2\/comments?post=26"}],"version-history":[{"count":18,"href":"https:\/\/zugerjagd.ch\/new\/wp-json\/wp\/v2\/pages\/26\/revisions"}],"predecessor-version":[{"id":1749,"href":"https:\/\/zugerjagd.ch\/new\/wp-json\/wp\/v2\/pages\/26\/revisions\/1749"}],"wp:attachment":[{"href":"https:\/\/zugerjagd.ch\/new\/wp-json\/wp\/v2\/media?parent=26"}],"curies":[{"name":"wp","href":"https:\/\/api.w.org\/{rel}","templated":true}]}}

Schweissprüfung

<div class="wpb-content-wrapper"><p>[vc_row][vc_column][vc_column_text css=&#8220;&#8220;]<strong>6. Zuger Schweissprüfung mit Fährtenschuh des ZKPJV</strong></p>
<p>Am 23. Juni 2024 führte der Zuger Kantonale Patentjäger Verein ZKPJV unter der Leitung von Friedel Wyttenbach und seinem bewährten Team, die 6. Zuger Schweissprüfung mit Fährtenschuh nach TKJ-Reglement rund um das<br />
Gebiet Raten – Gottschalkenberg, Oberägeri durch. In Zusammenarbeit mit Jagdvertreter aus dem Kanton Schwyz wurde die Möglichkeit geboten, die Prüfung auch nach neuem TKJ-Reglement zu laufen.</p>
<p>Die Fährten wurden am Vortag mit Berücksichtigung der geforderten Stehzeiten angelegt. Dank den ortskundigen Gebietsführern konnten die Prüfungsrichter bestens für die Prüfung geeignete Reviere vorfinden. Leider meinte es Petrus mit den Fährtenlegern nicht allzu gnädig und begleite diese mit starken Regen.</p>
<p>Am Prüfungstag zeige sich das Wetter von der idealen Seite – leichter Nieselregen am frühen Morgen und sonnige Aufhellungen gegen Mittag. Die Begrüssung und Fährtenauslosung fanden auf dem Raten statt. 18 Gespanne aus unterschiedlichen Kantonen, davon 6 Gespanne auf 1000m, 2 Gespanne auf 500m mit Vorsuche und 10 Gespanne auf 500m, traten zur Prüfung an.</p>
<p>Nach getaner Fährtenarbeit traf man sich beim Clubhaus des ZKPJV in der Chuewart in Unterägeri. An den Gesichtern und den Brüchen auf dem Hut konnte man schnell sehen, wer die Prüfung erfolgreich bestanden hat<br />
und wer nicht.</p>
<p>Die Richterarbeit war rasch erledigt und man konnte zum gemütlichen Teil übergehen. Dank dem Küchenteam um Simon Merz, Beat Kaufmann, Lara und Barbara Frenademez wurden die leeren Mägen mit Köstlichkeiten gefüllt.</p>
<p>Zum Abschluss des gelungenen Anlasses bedanke sich Friedel Wyttenbach bei allen Revierführern, Richtern, Helfern und überreichte den erfolgreichen Hundeführern ihre wohlverdiente Urkunde.</p>
<p>Dank grosszügigen Sponsoren durfte jeder anwesende Hundeführer noch ein kleines Präsent mit nach Hause nehmen.</p>
<p>Folgende Gespanne haben die Prüfung bestanden:</p>
<table style="height: 501px;" width="565">
<tbody>
<tr>
<td colspan="3"><strong>TKJ 1000m</strong></td>
</tr>
<tr>
<td width="220"><img loading="lazy" decoding="async" class="alignnone" src="https://zugerjagd.ch/new/wp-content/uploads/2023/03/pfote-1.png" width="25" height="18" /> Häusler Hubert, ZG</td>
<td width="200">Una Landstreicher’s</td>
<td width="200">Deutscher Wachtelhund</td>
</tr>
<tr>
<td><img loading="lazy" decoding="async" class="alignnone" src="https://zugerjagd.ch/new/wp-content/uploads/2023/03/pfote-1.png" width="25" height="18" /> Wyttenbach Adrian, ZG</td>
<td>Nacho von der Dählenegg</td>
<td>Deutscher Wachtelhund</td>
</tr>
<tr>
<td><img loading="lazy" decoding="async" class="alignnone" src="https://zugerjagd.ch/new/wp-content/uploads/2023/03/pfote-1.png" width="25" height="18" /> Dittli Gerhard, ZG</td>
<td>Lima</td>
<td>Bayrischer Gebirgsschweisshund</td>
</tr>
<tr>
<td><img loading="lazy" decoding="async" class="alignnone" src="https://zugerjagd.ch/new/wp-content/uploads/2023/03/pfote-1.png" width="25" height="18" /> Iten Fabian, ZG</td>
<td>Coralie (Aika) Piz Morischöl</td>
<td>Kleiner Münsterländer</td>
</tr>
<tr>
<td></td>
<td></td>
<td></td>
</tr>
<tr>
<td colspan="3"><strong>TKJ 500m mit Vorsuche</strong></td>
</tr>
<tr>
<td><img loading="lazy" decoding="async" class="alignnone" src="https://zugerjagd.ch/new/wp-content/uploads/2023/03/pfote-1.png" width="25" height="18" /> Müller Karl, SZ</td>
<td>Nanuk vom Nuthetal</td>
<td>Bayrischer Gebirgsschweisshund</td>
</tr>
<tr>
<td><img loading="lazy" decoding="async" class="alignnone" src="https://zugerjagd.ch/new/wp-content/uploads/2023/03/pfote-1.png" width="25" height="18" /> Schaub Timo, SZ</td>
<td>Branco von der Panneregg</td>
<td>Bayrischer Gebirgsschweisshund</td>
</tr>
<tr>
<td></td>
<td></td>
<td></td>
</tr>
<tr>
<td colspan="3"><strong>TKJ 500m</strong></td>
</tr>
<tr>
<td><img loading="lazy" decoding="async" class="alignnone" src="https://zugerjagd.ch/new/wp-content/uploads/2023/03/pfote-1.png" width="25" height="18" /> Von Rickenbach Thomas, SZ</td>
<td>Viola vom Tannenhütterl</td>
<td>Deutscher Wachtelhund</td>
</tr>
<tr>
<td><img loading="lazy" decoding="async" class="alignnone" src="https://zugerjagd.ch/new/wp-content/uploads/2023/03/pfote-1.png" width="25" height="18" /> Hinny Denise, ZH</td>
<td>Mojo vom Bollerrain</td>
<td>Magyar Vizsla</td>
</tr>
<tr>
<td><img loading="lazy" decoding="async" class="alignnone" src="https://zugerjagd.ch/new/wp-content/uploads/2023/03/pfote-1.png" width="25" height="18" /> Zeidler Stefan, AG</td>
<td>Swiss Mountain Beagle</td>
<td>Adventure Amy Beagle</td>
</tr>
<tr>
<td><img loading="lazy" decoding="async" class="alignnone" src="https://zugerjagd.ch/new/wp-content/uploads/2023/03/pfote-1.png" width="25" height="18" /> Merz Paul, ZG</td>
<td>Eik von der Fliehburg</td>
<td>Brandlbracke</td>
</tr>
<tr>
<td><img loading="lazy" decoding="async" class="alignnone" src="https://zugerjagd.ch/new/wp-content/uploads/2023/03/pfote-1.png" width="25" height="18" /> Wirth Christian, SG</td>
<td>Iska von Nienburger Bruch</td>
<td>Deutsch Stichelhaar</td>
</tr>
</tbody>
</table>
<p>&nbsp;</p>
<p><img loading="lazy" decoding="async" class="alignnone size-full wp-image-1746" src="https://zugerjagd.ch/new/wp-content/uploads/2024/07/2024-Berichte-Schweisspruefung-23.06.2024.pdf-2024-07-17-11-04-04.png" alt="" width="1585" height="330" srcset="https://zugerjagd.ch/new/wp-content/uploads/2024/07/2024-Berichte-Schweisspruefung-23.06.2024.pdf-2024-07-17-11-04-04.png 1585w, https://zugerjagd.ch/new/wp-content/uploads/2024/07/2024-Berichte-Schweisspruefung-23.06.2024.pdf-2024-07-17-11-04-04-300x62.png 300w, https://zugerjagd.ch/new/wp-content/uploads/2024/07/2024-Berichte-Schweisspruefung-23.06.2024.pdf-2024-07-17-11-04-04-1024x213.png 1024w, https://zugerjagd.ch/new/wp-content/uploads/2024/07/2024-Berichte-Schweisspruefung-23.06.2024.pdf-2024-07-17-11-04-04-768x160.png 768w, https://zugerjagd.ch/new/wp-content/uploads/2024/07/2024-Berichte-Schweisspruefung-23.06.2024.pdf-2024-07-17-11-04-04-1536x320.png 1536w, https://zugerjagd.ch/new/wp-content/uploads/2024/07/2024-Berichte-Schweisspruefung-23.06.2024.pdf-2024-07-17-11-04-04-600x125.png 600w" sizes="auto, (max-width: 1585px) 100vw, 1585px" /></p>
<p>Der Verein bedankt sich bei Friedel Wyttenbach für die hervorragende Organisation, aber auch bei allen Richtern, Revierführern, Gespannen und natürlich allen freiwilligen Helfern und Sponsoren. Ohne deren grosses Engagement wäre eine solche Prüfung nicht durchzuführen.</p>
<p>Weidmannsdank<br />
Harry Frenademez<br />
Hundeobmann des ZKPJV</p>
<p><img loading="lazy" decoding="async" class="alignnone size-full wp-image-1743" src="https://zugerjagd.ch/new/wp-content/uploads/2024/07/2024-Berichte-Schweisspruefung-23.06.2024.pdf-2024-07-17-11-02-22.png" alt="" width="1586" height="275" srcset="https://zugerjagd.ch/new/wp-content/uploads/2024/07/2024-Berichte-Schweisspruefung-23.06.2024.pdf-2024-07-17-11-02-22.png 1586w, https://zugerjagd.ch/new/wp-content/uploads/2024/07/2024-Berichte-Schweisspruefung-23.06.2024.pdf-2024-07-17-11-02-22-300x52.png 300w, https://zugerjagd.ch/new/wp-content/uploads/2024/07/2024-Berichte-Schweisspruefung-23.06.2024.pdf-2024-07-17-11-02-22-1024x178.png 1024w, https://zugerjagd.ch/new/wp-content/uploads/2024/07/2024-Berichte-Schweisspruefung-23.06.2024.pdf-2024-07-17-11-02-22-768x133.png 768w, https://zugerjagd.ch/new/wp-content/uploads/2024/07/2024-Berichte-Schweisspruefung-23.06.2024.pdf-2024-07-17-11-02-22-1536x266.png 1536w, https://zugerjagd.ch/new/wp-content/uploads/2024/07/2024-Berichte-Schweisspruefung-23.06.2024.pdf-2024-07-17-11-02-22-600x104.png 600w" sizes="auto, (max-width: 1586px) 100vw, 1586px" />[/vc_column_text][/vc_column][/vc_row]</p>
</div>

<p>[vc_row][vc_column][vc_column_text css=&#8220;&#8220;]6. Zuger Schweissprüfung mit Fährtenschuh des ZKPJV Am 23. Juni 2024 führte der Zuger Kantonale Patentjäger Verein ZKPJV unter der Leitung von Friedel Wyttenbach und seinem bewährten Team, die 6. Zuger Schweissprüfung mit Fährtenschuh nach TKJ-Reglement rund um das Gebiet Raten – Gottschalkenberg, Oberägeri durch. In Zusammenarbeit mit Jagdvertreter aus dem Kanton Schwyz wurde [&hellip;]</p>
