{"id":1899,"date":"2025-03-22T10:52:46","date_gmt":"2025-03-22T10:52:46","guid":{"rendered":"https:\/\/zugerjagd.ch\/new\/?page_id=1899"},"modified":"2025-04-08T07:52:20","modified_gmt":"2025-04-08T07:52:20","slug":"mitgliederantrag","status":"publish","type":"page","link":"https:\/\/zugerjagd.ch\/new\/mitgliederantrag\/","title":{"rendered":"Mitgliederantrag"},"content":{"rendered":"<div class=\"wpb-content-wrapper\"><p>[vc_row][vc_column][vc_column_text css=&#8220;&#8220;]<strong>Mitglied werden<\/strong><\/p>\n<p>Es freut uns sehr, dass Sie Interesse an einer Mitgliedschaft beim Zuger Kantonalen Patentj\u00e4gerverein haben.<\/p>\n<p>Dem Verein beitreten kann man entweder als Aktiv-oder Passivmitglied.<\/p>\n<p><strong>Aktivmitglied<\/strong><br \/>\nGem\u00e4ss Statuten Art.18<\/p>\n<ul>\n<li>Wer im Kanton Zug jagdberechtigt ist, kann Aktivmitglied des Vereins werden.<\/li>\n<li>Jahresbeitrag: CHF 70<\/li>\n<\/ul>\n<p><strong>Passivmitglied<\/strong><br \/>\nGem\u00e4ss Statuten Art.19<\/p>\n<ul>\n<li>Wer dem Verein nahe steht, kann Passivmitglied werden. Passivmitglieder sind zur Teilnahme an Versammlungen und Veranstaltungen des Vereins berechtigt, sie besitzen jedoch kein Stimm- und Wahlrecht.<\/li>\n<li>Jahresbeitrag: CHF 50<\/li>\n<\/ul>\n<p><strong>Aufnahmeverfahren<\/strong><\/p>\n<ul>\n<li>Der Mitgliederantrag kann ganzj\u00e4hrig an den Verein gestellt werden.<\/li>\n<li>Gem\u00e4ss Statuten Art. 17 ist jedoch eine Aufnahme nur an der Generalversammlung m\u00f6glich. F\u00fcr die Aufnahme in den Verein gilt die Anwesenheitspflicht an der Generalversammlung. Ausnahme gilt mit einer begr\u00fcndeten Absenz.<\/li>\n<\/ul>\n<p>[\/vc_column_text][\/vc_column][\/vc_row][vc_row][vc_column][vc_separator color=&#8220;black&#8220;][\/vc_column][\/vc_row][vc_row][vc_column][vc_column_text css=&#8220;&#8220;]<strong>Mitgliederantrag f\u00fcr den ZKPJV<\/strong>[\/vc_column_text]\n<div class=\"wpcf7 no-js\" id=\"wpcf7-f1898-o1\" lang=\"en-US\" dir=\"ltr\" data-wpcf7-id=\"1898\">\n<div class=\"screen-reader-response\"><p role=\"status\" aria-live=\"polite\" aria-atomic=\"true\"><\/p> <ul><\/ul><\/div>\n<form action=\"\/new\/wp-json\/wp\/v2\/pages\/1899#wpcf7-f1898-o1\" method=\"post\" class=\"wpcf7-form init\" aria-label=\"Contact form\" novalidate=\"novalidate\" data-status=\"init\">\n<fieldset class=\"hidden-fields-container\"><input type=\"hidden\" name=\"_wpcf7\" value=\"1898\" \/><input type=\"hidden\" name=\"_wpcf7_version\" value=\"6.1.2\" \/><input type=\"hidden\" name=\"_wpcf7_locale\" value=\"en_US\" \/><input type=\"hidden\" name=\"_wpcf7_unit_tag\" value=\"wpcf7-f1898-o1\" \/><input type=\"hidden\" name=\"_wpcf7_container_post\" value=\"0\" \/><input type=\"hidden\" name=\"_wpcf7_posted_data_hash\" value=\"\" \/>\n<\/fieldset>\n<p style=\"text-align: left;\"><span class=\"wpcf7-form-control-wrap\" data-name=\"Vorname\"><input size=\"40\" maxlength=\"400\" class=\"wpcf7-form-control wpcf7-text wpcf7-validates-as-required\" id=\"Vorname\" aria-required=\"true\" aria-invalid=\"false\" placeholder=\"Vorname*\" value=\"\" type=\"text\" name=\"Vorname\" \/><\/span>\n<\/p>\n<p style=\"text-align: left;\"><span class=\"wpcf7-form-control-wrap\" data-name=\"Nachname\"><input size=\"40\" maxlength=\"400\" class=\"wpcf7-form-control wpcf7-text wpcf7-validates-as-required\" id=\"Nachname\" aria-required=\"true\" aria-invalid=\"false\" placeholder=\"Nachname*\" value=\"\" type=\"text\" name=\"Nachname\" \/><\/span>\n<\/p>\n<p style=\"text-align: left;\"><span class=\"wpcf7-form-control-wrap\" data-name=\"Adresse\"><input size=\"40\" maxlength=\"400\" class=\"wpcf7-form-control wpcf7-text wpcf7-validates-as-required\" id=\"Adresse\" aria-required=\"true\" aria-invalid=\"false\" placeholder=\"Adresse*\" value=\"\" type=\"text\" name=\"Adresse\" \/><\/span>\n<\/p>\n<p style=\"text-align: left;\"><span class=\"wpcf7-form-control-wrap\" data-name=\"PLZ\"><input size=\"40\" maxlength=\"400\" class=\"wpcf7-form-control wpcf7-text wpcf7-validates-as-required\" id=\"PLZ\" aria-required=\"true\" aria-invalid=\"false\" placeholder=\"Plz*\" value=\"\" type=\"text\" name=\"PLZ\" \/><\/span>\n<\/p>\n<p style=\"text-align: left;\"><span class=\"wpcf7-form-control-wrap\" data-name=\"Ort\"><input size=\"40\" maxlength=\"400\" class=\"wpcf7-form-control wpcf7-text wpcf7-validates-as-required\" id=\"Ort\" aria-required=\"true\" aria-invalid=\"false\" placeholder=\"Ort*\" value=\"\" type=\"text\" name=\"Ort\" \/><\/span>\n<\/p>\n<p style=\"text-align: left;\"><span class=\"wpcf7-form-control-wrap\" data-name=\"Telefon\"><input size=\"40\" maxlength=\"400\" class=\"wpcf7-form-control wpcf7-text\" id=\"Telefon\" aria-invalid=\"false\" placeholder=\"Telefon\" value=\"\" type=\"text\" name=\"Telefon\" \/><\/span>\n<\/p>\n<p style=\"text-align: left;\"><span class=\"wpcf7-form-control-wrap\" data-name=\"e-mail\"><input size=\"40\" maxlength=\"400\" class=\"wpcf7-form-control wpcf7-email wpcf7-validates-as-required wpcf7-text wpcf7-validates-as-email\" id=\"e-mail\" aria-required=\"true\" aria-invalid=\"false\" placeholder=\"Email*\" value=\"\" type=\"email\" name=\"e-mail\" \/><\/span>\n<\/p>\n<p style=\"text-align: left;\">Geburtsdatum*<br \/>\n<span class=\"wpcf7-form-control-wrap\" data-name=\"Geburtsdatum\"><input class=\"wpcf7-form-control wpcf7-date wpcf7-validates-as-date\" id=\"Geburtsdatum\" min=\"1930-01-01\" aria-invalid=\"false\" value=\"\" type=\"date\" name=\"Geburtsdatum\" \/><\/span>\n<\/p>\n<p style=\"text-align: left;\">Jagdpr\u00fcfung*<br \/>\n<span class=\"wpcf7-form-control-wrap\" data-name=\"jagdpruefung\"><select class=\"wpcf7-form-control wpcf7-select wpcf7-validates-as-required\" aria-required=\"true\" aria-invalid=\"false\" name=\"jagdpruefung\"><option value=\"\">Bitte w\u00e4hlen...<\/option><option value=\"Vorhanden\">Vorhanden<\/option><option value=\"Nicht vorhanden\">Nicht vorhanden<\/option><\/select><\/span>\n<\/p>\n<p style=\"text-align: left;margin-left: 50px;\">Falls Jagdpr\u00fcfung vorhanden:<br \/>\nAbsolviert am<br \/>\n<span class=\"wpcf7-form-control-wrap\" data-name=\"Aam\"><input class=\"wpcf7-form-control wpcf7-date wpcf7-validates-as-date\" id=\"Aam\" min=\"1930-01-01\" aria-invalid=\"false\" value=\"\" type=\"date\" name=\"Aam\" \/><\/span>\n<\/p>\n<p style=\"text-align: left;margin-left: 50px;\">Absolviert Ort<br \/>\n<span class=\"wpcf7-form-control-wrap\" data-name=\"Aort\"><input size=\"40\" maxlength=\"400\" class=\"wpcf7-form-control wpcf7-text\" id=\"Oart\" aria-invalid=\"false\" placeholder=\"Absolviert Ort\" value=\"\" type=\"text\" name=\"Aort\" \/><\/span>\n<\/p>\n<p style=\"text-align: left;\"><br \/>\n<span class=\"wpcf7-form-control-wrap\" data-name=\"Passnummer\"><input size=\"40\" maxlength=\"400\" class=\"wpcf7-form-control wpcf7-text\" id=\"Passnummer\" aria-invalid=\"false\" placeholder=\"Zuger Jagdpassnummer (nur falls vorhanden)\" value=\"\" type=\"text\" name=\"Passnummer\" \/><\/span>\n<\/p>\n<p style=\"text-align: left;\">Art der Mitgliedschaft*<br \/>\n<span class=\"wpcf7-form-control-wrap\" data-name=\"artmitgliedschaft\"><select class=\"wpcf7-form-control wpcf7-select wpcf7-validates-as-required\" aria-required=\"true\" aria-invalid=\"false\" name=\"artmitgliedschaft\"><option value=\"\">Bitte w\u00e4hlen...<\/option><option value=\"Aktivmitglied\">Aktivmitglied<\/option><option value=\"Passivmitglied\">Passivmitglied<\/option><\/select><\/span>\n<\/p>\n<div id=\"cf7sr-69f541c0a1eda\" class=\"cf7sr-g-recaptcha\" data-theme=\"light\" data-type=\"image\" data-size=\"normal\" data-sitekey=\"6LcJtb4aAAAAAALvtxuOg4c-i95J4c3k6wxcfB2X\"><\/div><span class=\"wpcf7-form-control-wrap cf7sr-recaptcha\" data-name=\"cf7sr-recaptcha\"><input type=\"hidden\" name=\"cf7sr-recaptcha\" value=\"\" class=\"wpcf7-form-control\"><\/span>\n<\/p>\n<p><input class=\"wpcf7-form-control wpcf7-submit has-spinner btn btn-primary\" id=\"senden\" type=\"submit\" value=\"Mitgliederantrag abschicken\" \/>\n<\/p><div class=\"wpcf7-response-output\" aria-hidden=\"true\"><\/div>\n<\/form>\n<\/div>\n[\/vc_column][\/vc_row]<\/p>\n<\/div>","protected":false},"excerpt":{"rendered":"<p>[vc_row][vc_column][vc_column_text css=&#8220;&#8220;]Mitglied werden Es freut uns sehr, dass Sie Interesse an einer Mitgliedschaft beim Zuger Kantonalen Patentj\u00e4gerverein haben. Dem Verein beitreten kann man entweder als Aktiv-oder Passivmitglied. Aktivmitglied Gem\u00e4ss Statuten Art.18 Wer im Kanton Zug jagdberechtigt ist, kann Aktivmitglied des Vereins werden. Jahresbeitrag: CHF 70 Passivmitglied Gem\u00e4ss Statuten Art.19 Wer dem Verein nahe steht, kann [&hellip;]<\/p>\n","protected":false},"author":1,"featured_media":0,"parent":0,"menu_order":0,"comment_status":"closed","ping_status":"closed","template":"","meta":{"footnotes":""},"class_list":["post-1899","page","type-page","status-publish","hentry"],"_links":{"self":[{"href":"https:\/\/zugerjagd.ch\/new\/wp-json\/wp\/v2\/pages\/1899","targetHints":{"allow":["GET"]}}],"collection":[{"href":"https:\/\/zugerjagd.ch\/new\/wp-json\/wp\/v2\/pages"}],"about":[{"href":"https:\/\/zugerjagd.ch\/new\/wp-json\/wp\/v2\/types\/page"}],"author":[{"embeddable":true,"href":"https:\/\/zugerjagd.ch\/new\/wp-json\/wp\/v2\/users\/1"}],"replies":[{"embeddable":true,"href":"https:\/\/zugerjagd.ch\/new\/wp-json\/wp\/v2\/comments?post=1899"}],"version-history":[{"count":10,"href":"https:\/\/zugerjagd.ch\/new\/wp-json\/wp\/v2\/pages\/1899\/revisions"}],"predecessor-version":[{"id":1918,"href":"https:\/\/zugerjagd.ch\/new\/wp-json\/wp\/v2\/pages\/1899\/revisions\/1918"}],"wp:attachment":[{"href":"https:\/\/zugerjagd.ch\/new\/wp-json\/wp\/v2\/media?parent=1899"}],"curies":[{"name":"wp","href":"https:\/\/api.w.org\/{rel}","templated":true}]}}